 3)).
31
Calculate (-15 - -12) + 5 - 10 - (-7 + 2).
-3
What is the value of 19 + 8 + -13 + 8 + 1 - 3?
20
Evaluate 0 + (27 - 32) - -23.
18
Calculate (14 + -36 - -18) + 19.
15
Calculate -3 + 14 + (5 + -7 - -6).
15
(4 - ((-6 - 0) + 4)) + -14 - -1
-7
Calculate (-22 - -21) + 27 - 9.
17
Calculate 1 - (10 + 6 + (0 - 7)).
-8
What is -1 + (-4 + 9 - (-2 + 1)) + -7?
-2
Calculate (-1 + -9 - -3) + 3 + -3 + 18.
11
Calculate (-1 - 4) + 0 + (-11 - -3).
-13
What is the value of 4 - (-5 + (14 + -7 - -18))?
-16
Evaluate 2 + -1 + -3 + -3 + 7.
2
8 + -2 - (11 + -7 + (-5 - -12))
-5
(-5 - (-1 - 1)) + (1 - -3) + 10
11
What is (17 + (-4 - -6) - 10) + -3 + -15?
-9
Evaluate -1 - 10 - (1235 - 1255).
9
Evaluate 7 + 0 + 31 + -12 + -5.
21
10 + 52 + -29 - 30
3
What is the value of 4 - (-2 + 9) - 7 - -4?
-6
Calculate (-27 + 11 - -4) + 1 + 4.
-7
Evaluate -5 - (4 + 0 + (4 - 7)).
-6
What is (-4 - -63) + -43 + -35?
-19
Calculate (-342 - -332) + (-2 - (-1 + -10)) + -38.
-39
Evaluate -2 + 34 + (-26 - -2).
8
What is the value of 11 - 2 - (-19 - (14 - 30))?
12
What is the value of 4 + -49 + -103 + 131?
-17
Evaluate 10 + 5 - (7 - -3) - -9.
14
Calculate 5 - (-2 + 7 + -9 + 7).
2
What is -43 - (-20 + 15 + -19)?
-19
15 - ((1 + -10 - -10) + 0)
14
Evaluate 4 + (10 + -18 - -25) - (9 + 0).
12
Evaluate -12 + (-10 - (-10 - 1 - -3)) - -6.
-8
What is the value of 34 + -35 - (7 + (-3 - (2 + -4)))?
-7
Calculate (13 - 2 - 6) + 0 - (2 - -10).
-7
What is the value of -311 - -305 - (-1 - 1 - 4)?
0
What is -4 + -35 + 5 + 70?
36
What is (-27 - -27) + -19 + -16?
-35
Evaluate (1 - (6 - -3)) + -20 + 16.
-12
What is the value of -26 + (18 - 13) + 29?
8
13 + (-5 + 6 - -2) + -11
5
(1 - -22 - -11) + -16
18
53 + 0 + -812 + 784
25
What is the value of -31 - (-16 - (-1 + -10)) - (2 + -10)?
-18
0 + (13 - (-3 + (6 - -3))) - -11
18
Calculate (2 - (11 - 0) - 3) + -5.
-17
Calculate 10 + 2 - (3 + 2 + -3).
10
Calculate -3 + (4 - 2 - (12 + -14)).
1
Calculate -42 + 1 + (42 - 17).
-16
(119 - 119) + 7 + 0 + 27
34
Calculate (-30 - 0 - (32 + -42)) + (4 - -3).
-13
19 + -17 - -11 - 9
4
-11 + 14 - -11 - -4 - 0
18
What is the value of (9 - (-137 - -97)) + (-1 - 18)?
30
Calculate (-11 - (9 - 19)) + 27 + (-3 - -1).
24
-3 + 7 + -4 + -4 + -1 + 1
-4
What is 3 + -10 + 0 - 1?
-8
6 - (11 - (10 + 6))
11
What is the value of (-6 - 10 - -4) + 4 + -13 + 1?
-20
Calculate -5 + 5 + 1 + (-24 - -9).
-14
What is -4 + 7 + 6 + -5 + 0?
4
What is the value of (-2 - (21 - (13 + 4))) + 14 + 0?
8
What is the value of -11 + -8 + -8 + 12?
-15
Calculate 8 - (-10 + 7 + -4 + -6 + 3).
18
What is the value of (-8 - -3) + -3 + (1 + 8 - 17)?
-16
(-7 - (-11 + -1)) + -15 + 1
-9
What is (10 - -4) + (-44 - -30)?
0
What is -4 + 0 + 1 + (8 + 3 - 6)?
2
-6 - -11 - (0 + 7 - (-23 + 42))
17
-5 - (-25 - -14) - 14
-8
What is the value of (-25 - 8) + 13 - (1 + 0)?
-21
Calculate (4 + (-20 - -7) - 0) + -3.
-12
Calculate -122 + 78 + 25 + (0 - 2).
-21
Calculate -1 - 4 - (-199 - -196) - 8.
-10
9 - (-2 + -3 + 47 - 12)
-21
1 + -4 - (-104 - -111)
-10
What is 0 + 17 + (-11 - -14) + 44 + -50?
14
What is (10 + -14 - 16) + 15?
-5
Calculate (-3 - -9 - 10 - -7) + -22.
-19
-6 + 10 - -8 - 9
3
Calculate (21 - 37 - -60) + -22.
22
What is 191 - 184 - (30 + 2)?
-25
Evaluate (-9 - (3 - 4 - -15)) + 8.
-15
Calculate -11 - (2 + -21 + 26).
-18
-11 + -12 + 5 - -12
-6
18 + -2 + (-17 - -11)
10
What is 19 - ((26 - 17) + 20)?
-10
-45 + 1 - -92 - 60
-12
-16 - (0 - (13 + -2))
-5
Calculate 24 + -4 + -12 - 15.
-7
What is 811 - 827 - (-1 + 2 + -10)?
-7
Evaluate 6 - 17 - ((-6 - 5) + -8).
8
(-166 - -158) + 0 + 19 + -4
7
Evaluate 20 - 32 - (8 - 1 - 9).
-10
-4 - -10 - (-13 + 19) - 7
-7
What is the value of (12 - (0 + -2 + -1)) + 7 + -12?
10
Calculate (9 + -5 - 17) + (1 - -1).
-11
What is (0 - -2) + (-4 - 0) + -4 + -10?
-16
What is (5 - 1) + 2 - (-134 + 129) - 10?
1
Calculate -35 + (-36 - (-102 + 34)).
-3
Evaluate 6 + (-2 - -3 - -1) + 10.
18
What is the value of (0 - 0) + -26 + 20 + 0?
-6
Evaluate (39 - 32) + (11 - -11).
29
Calculate 20 - 11 - 18 - -8.
-1
What is -34 - -46 - (24 - -22)?
-34
Evaluate -5 + 4 + 3 - (33 + -25).
-6
(-35 - -2) + (-1100 - -1111)
-22
Calculate -5 + 10 + -5 - -5.
5
What is the value of -23 + (33 - 19) - 7?
-16
What is the value of (-6 + -3 - (9 - 17)) + -1?
-2
What is 1 + 8 - (65 + -65 - -43)?
-34
Calculate (42 - 47) + 2 + 18.
15
What is the value of 26 - (3 + 3 + 6) - 41?
-27
What is the value of -10 + (-3 + 0 - -8) - 14?
-19
What is 12 - (-30 - -27) - 32?
-17
What is the value of (-2 - 2) + (-25 - -32) + 2?
5
Calculate (-8 - -20) + (-4 - 1) + 1 + 0.
8
Calculate 23 - (36 - 72 - -60).
-1
Evaluate 26 - 28 - (-33 + 35).
-4
What is the value of -1 + 0 + 0 + (-15 - (-18 + 9))?
-7
What is the value of ((2 - (12 + -5)) + 5 - -2) + -3?
-1
What is 4 + -25 - (-117 + 105)?
-9
Calculate (-11 - -8) + -17 + 7 + 2 + 3.
-8
12 - (4 + -4 - (10 + 0))
22
What is the value of 6 + -2 + -3 + (-1 - 12 - -3)?
-9
What is -13 - (-4 + (5 - 0 - 4))?
-10
Evaluate 48 + 1 - (461 - 440).
28
Evaluate -7 + (-2 - (11 - 32)).
12
Calculate 2 - (-40 + -16 + 43).
15
Calculate (301 - 307) + (-10 - 0).
-16
Evaluate -18 + 1 - (107 + -97).
-27
Evaluate 6 + (-5 - (10 - 11)).
2
What is the value of (16 - 20) + (1 - (25 + -6))?
-22
What is 7 - -1 - (14 + -9)?
3
22 + -16 - (2 + -5 - -2)
7
(-8 - -1) + -1 + 1 - -1 - 7
-13
21 + (-11 + 8 - 7)
11
11 - (13 + (4 - 13))
7
-37 - (-31 - 45) - 37
2
Calculate 22 + -3 + -21 - 0.
-2
What is the value of (-12 - -1) + (105 - 98)?
-4
Evaluate -5 - (-13 - 8) - (0 + -1 + 7).
10
Calculate 16 + -1 - (61 + (-54 - -17)).
-9
Evaluate (-28 - (-1 + (1 - 1))) + (-662 - -667).
-22
Calculate 24 + (9 - -1 - 10 - 13).
11
What is -7 + (11 - (-6 - -17)) + -2?
-9
What is the value of -1 + 9 - (5 + (15 - (2 - 4)))?
-14
-3 + (-20 - -18) + 33
28
What is (-29 - -42) + -15 - 31?
-33
Evaluate (8 - (-14 + 11) - -30) + -13.
28
Calculate 17 + (7 - (31 + -16)).
9
What is 19 - (146 + -148 + (2 + 0 - 2))?
21
Calculate (10 - -16 - 12 - 8) + 3 + -36.
-27
What is 16 + (6 - 12) + 1?
11
What is the value of (-1 - 0) + (-1 - (-2 + -4)) + 2?
6
38 - 60 - -13 - 21
-30
Evaluate 25 - (25 + -7 + 0).
7
Evaluate -49 - -54 - (-1 + 1).
5
What is -5 + 0 + -7 + (16 - 0) - -8?
12
(12 + (-3 - 46) - 4) + -7 + 10
-38
Evaluate -51 - (-18 + (-13 - -20)) - (-8 + 7).
-39
Evaluate -4 - (-1 + 5) - (3 - 8).
-3
Calculate -3 + -7 + 39 + -26.
3
-7 - 13 - (0 + -27)
7
Evaluate -13 + (28 - 11) + -1 - -28.
31
-14 - (-10 + -22) - 14
4
Evaluate 12 + -9 - (3 + -26 + 7).
19
Calculate (-7 + 1 - (10 + 1)) + -16 + 25.
-8
-123 - -115 - (-13 + -1) - (3 - 2)
5
-3 - -8 - (-20 + 19)
6
-3 + (-8 - -5) - -11 - (0 + 2)
3
What is 16 - 26 - (-1 - ((-1 - 7) + -8))?
-25
What is 12 - 6 - -4 - 8 - -8?
10
What is the value of 0 + 22 + 0 + (-30 - -26) - 6?
12
Evaluate 3 - (11 + -12 + 12).
-8
What is the value of (9 - -1 - 2 - 7) + 22?
23
(6 - (-14 - -30)) + (-11 - -3)
-18
What is the value of -17 + -19 + 30 + -3?
-9
Evaluate -5 + (35 - 19 - 24).
-13
Calculate -3 + -6 + 9 + -17.
-17
Evaluate (-40 - (-44 + 1)) + (-2 - (1 + -27)).
27
What is 4 + -12 + 10 + -6 + 0 - -5?
1
What is -14 + (7 - -5) + -11?
-13
What is the value of -12 - -1 - (204 + -209)?
-6
3 + -5 - ((-8 - -6 - -25) + -9)
-16
What is (12 + -19 - -18) + 0 + -1?
10
Evaluate -7 + (-8 - (-1 + 0 + -5)).
-9
What is 13 + -7 + -6 + (76 - 53)?
23
Evaluate 13 - (4 - (21 - 16 - (0 + 1))).
13
Calculate 64 + -67 + -3 + 2 + (-2 - -2).
-4
What is (-2 - (-1 - -35)) + 1151 + -1143?
-28
What is (26 - (16 + -5 + -3)) + -1 + -2?
15
Calculate 5 + (-4 - ((8 - 17 - 7) + 0)).
17
320 + -344 - (2 - 54)
28
What is the value of -8 + -3 + 0 + (-15 + 6 - -12)?
-8
What is the value of -44 - (-12 + -17 + -2)?
-13
What is 17 + (4 + 4 + -8 - 14)?
3
(5 - 11) + 23 + -38 + 24
3
What is the value of 42 - (38 + -19) - 18?
5
What is the value of -2 + -24 - -16 - (1 - 20)?
9
What is the value of 60 - (54 + (-8 - 12))?
26
What is (-12 + 28 - (-2 - 0)) + 2 - 4?
16
What is 6 + (-16 + 25 - 4)?
11
What is the value of (-23 - -24 - (0 + -12 + 2)) + -6?
5
Calculate -2 - 2 - ((3 - 13) + 17 + -35).
24
Calculate -10 - -17 - 11 - (4 + 0).
-8
What is -3 - (12 + -3 - (-1 + 13))?
0
Calculate 5 + (10 - (5 - (-8 + (14 - 5)))).
11
What is the value of -33 + 28 + 6 - (1 + 1)?
-1
What is the value of (11 - 25) + (-66 - -58)?
-22
What is -40 + 27 + 43 - (-4 + -5 + 2)?
37
-4 + -19 + 2 - -11